{"id":32,"date":"2018-07-01T10:15:27","date_gmt":"2018-07-01T10:15:27","guid":{"rendered":"http:\/\/www.marinaelsaesser.ch\/?page_id=32"},"modified":"2023-02-01T14:33:02","modified_gmt":"2023-02-01T14:33:02","slug":"ueber-mich","status":"publish","type":"page","link":"https:\/\/www.marinaelsaesser.ch\/?page_id=32","title":{"rendered":"\u00dcber mich"},"content":{"rendered":"<p><a href=\"https:\/\/www.marinaelsaesser.ch\/wp-content\/uploads\/2023\/02\/IMG_8041-scaled.jpg\"><img decoding=\"async\" loading=\"lazy\" class=\"alignnone  wp-image-413\" src=\"https:\/\/www.marinaelsaesser.ch\/wp-content\/uploads\/2023\/02\/IMG_8041-768x1024.jpg\" alt=\"\" width=\"283\" height=\"374\" \/><\/a><\/p>\n<p><strong>Dr. phil. Marina Els\u00e4sser<\/strong><br \/>\nFachpsychologin f\u00fcr Psychotherapie FSP<\/p>\n<p><strong>Schwerpunkte in psychotherapeutischer Arbeit<\/strong><strong>\u00a0<\/strong><\/p>\n<ul>\n<li>Angstst\u00f6rungen (Panikst\u00f6rung, Phobien, Generalisierte Angstst\u00f6rung)<\/li>\n<li>Zwangsst\u00f6rungen<\/li>\n<li>Depression und Burnout Syndrom<\/li>\n<li>Aufmerksamkeitsdefizit-\/Hyperaktivit\u00e4tsst\u00f6rung im Erwachsenenalter (ADHS)<\/li>\n<li>Stressbew\u00e4ltigung bei privaten und beruflichen Belastungen<\/li>\n<\/ul>\n<p><strong>Ausbildung<\/strong><\/p>\n<div class=\"o-flex\">\n<div class=\"cell-1of5\">2009-2014<\/div>\n<div class=\"cell-4of5\">Promotion im Fach Psychologie zum Thema \u201eAufmerksamkeitsdefizit\/Hyperaktivit\u00e4tsst\u00f6rung im Erwachsenenalter\u201c an der Universit\u00e4t Basel<\/div>\n<div class=\"cell-1of5\">2007-2011<\/div>\n<div class=\"cell-4of5\">Psychotherapeutische Weiterbildung in Kognitiver Verhaltenstherapie, Basel<\/div>\n<div class=\"cell-1of5\">2004-2007<\/div>\n<div class=\"cell-4of5\">Fortf\u00fchrung und Abschluss des Psychologiestudiums an der Universit\u00e4t Basel<\/div>\n<div class=\"cell-1of5\">2002-2004<\/div>\n<div class=\"cell-4of5\">Psychologiestudium an der Johann Wolfgang Goethe-Universit\u00e4t Frankfurt am Main, Deutschland<\/div>\n<div class=\"cell-1of5\">1995-2000<\/div>\n<div class=\"cell-4of5\">Studium der deutschen und russischen Sprache, sowie der internationalen\u00a0Literatur an der Staatsuniversit\u00e4t, Witebsk, Weissussland<\/div>\n<\/div>\n<p><strong>Beruflicher Werdegang<\/strong><\/p>\n<div class=\"o-flex\">\n<div class=\"cell-1of5\">ab 09\/2018<\/div>\n<div class=\"cell-4of5\">Selbst\u00e4ndige Psychotherapeutin in Reinach BL<\/div>\n<div class=\"cell-1of5\">01-06\/2018<\/div>\n<div class=\"cell-4of5\">Delegierte Psychotherapeutin bei Dres. med. Miranda und\u00a0Markus Bucher-Pfund in der Praxis SANA, Birsfelden<\/div>\n<div class=\"cell-1of5\">2009-2014<\/div>\n<div class=\"cell-4of5\">Doktorandin im Forschungsprojekt des Schweizerischen Nationalfonds\u00a0von Prof. Dr. Rolf-Dieter Stieglitz: \u201eTherapieevaluation bei Erwachsenen mit Aufmerksamkeitsdefizit-\/Hyperaktivit\u00e4tsst\u00f6rung\u201c an der Universit\u00e4t Basel<\/div>\n<div class=\"cell-1of5\">2008-2009<\/div>\n<div class=\"cell-4of5\">Klinische Psychologin und Psychotherapeutin an der Psychiatrischen Poliklinik des Universit\u00e4tsspitals, Basel<\/div>\n<div class=\"cell-1of5\">2007-2008<\/div>\n<div class=\"cell-4of5\">Klinische Psychologin und Psychotherapeutin in der Verhaltenstherapie-Ambulanz, Universit\u00e4re Psychiatrische Kliniken, Basel<\/div>\n<div class=\"cell-1of5\">2006-2007<\/div>\n<div class=\"cell-4of5\">Mitarbeiterin am Projekt \u201eAchtsamkeitsbasierte Kognitive Therapie\u00a0(MBCT)\u201c in der Verhaltenstherapie-Ambulanz, Universit\u00e4re Psychiatrische Kliniken, Basel<\/div>\n<div class=\"cell-1of5\">02-04\/2006<\/div>\n<div class=\"cell-4of5\">Klinische Psychologin der Akutstation im Zentrum Psychiatrie am Klinikum der Justus-Liebig-Universit\u00e4t Giessen, Deutschland<\/div>\n<\/div>\n<p><strong>Meine Interessen<\/strong><\/p>\n<p>Ich bin verheiratet und Mutter von zwei Kindern.<br \/>\nIn meiner Freizeit mache ich Pilates, lese B\u00fccher und bin gerne in der freien Natur.<\/p>\n<p><img decoding=\"async\" loading=\"lazy\" class=\"alignnone size-large wp-image-271\" src=\"https:\/\/www.marinaelsaesser.ch\/wp-content\/uploads\/2018\/09\/20180919_elsaesser_marina_ab_072-1024x683.jpg\" alt=\"\" width=\"584\" height=\"390\" srcset=\"https:\/\/www.marinaelsaesser.ch\/wp-content\/uploads\/2018\/09\/20180919_elsaesser_marina_ab_072-1024x683.jpg 1024w, https:\/\/www.marinaelsaesser.ch\/wp-content\/uploads\/2018\/09\/20180919_elsaesser_marina_ab_072-300x200.jpg 300w, https:\/\/www.marinaelsaesser.ch\/wp-content\/uploads\/2018\/09\/20180919_elsaesser_marina_ab_072-768x512.jpg 768w, https:\/\/www.marinaelsaesser.ch\/wp-content\/uploads\/2018\/09\/20180919_elsaesser_marina_ab_072-450x300.jpg 450w, https:\/\/www.marinaelsaesser.ch\/wp-content\/uploads\/2018\/09\/20180919_elsaesser_marina_ab_072.jpg 1800w\" sizes=\"(max-width: 584px) 100vw, 584px\" \/><\/p>\n","protected":false},"excerpt":{"rendered":"<p>Dr. phil. Marina Els\u00e4sser Fachpsychologin f\u00fcr Psychotherapie FSP Schwerpunkte in psychotherapeutischer Arbeit\u00a0 Angstst\u00f6rungen (Panikst\u00f6rung, Phobien, Generalisierte Angstst\u00f6rung) Zwangsst\u00f6rungen Depression und Burnout Syndrom Aufmerksamkeitsdefizit-\/Hyperaktivit\u00e4tsst\u00f6rung im Erwachsenenalter (ADHS) Stressbew\u00e4ltigung bei privaten und beruflichen Belastungen Ausbildung 2009-2014 Promotion im Fach Psychologie zum Thema &hellip; <a href=\"https:\/\/www.marinaelsaesser.ch\/?page_id=32\">Weiterlesen <span class=\"meta-nav\">&rarr;<\/span><\/a><\/p>\n","protected":false},"author":1,"featured_media":0,"parent":0,"menu_order":0,"comment_status":"closed","ping_status":"closed","template":"","meta":[],"_links":{"self":[{"href":"https:\/\/www.marinaelsaesser.ch\/index.php?rest_route=\/wp\/v2\/pages\/32"}],"collection":[{"href":"https:\/\/www.marinaelsaesser.ch\/index.php?rest_route=\/wp\/v2\/pages"}],"about":[{"href":"https:\/\/www.marinaelsaesser.ch\/index.php?rest_route=\/wp\/v2\/types\/page"}],"author":[{"embeddable":true,"href":"https:\/\/www.marinaelsaesser.ch\/index.php?rest_route=\/wp\/v2\/users\/1"}],"replies":[{"embeddable":true,"href":"https:\/\/www.marinaelsaesser.ch\/index.php?rest_route=%2Fwp%2Fv2%2Fcomments&post=32"}],"version-history":[{"count":37,"href":"https:\/\/www.marinaelsaesser.ch\/index.php?rest_route=\/wp\/v2\/pages\/32\/revisions"}],"predecessor-version":[{"id":415,"href":"https:\/\/www.marinaelsaesser.ch\/index.php?rest_route=\/wp\/v2\/pages\/32\/revisions\/415"}],"wp:attachment":[{"href":"https:\/\/www.marinaelsaesser.ch\/index.php?rest_route=%2Fwp%2Fv2%2Fmedia&parent=32"}],"curies":[{"name":"wp","href":"https:\/\/api.w.org\/{rel}","templated":true}]}}